 76. Determine p(-29).
185
Let p(l) = 32*l - 882. Determine p(27).
-18
Let r(i) = i**2 + 39*i - 40. Calculate r(-39).
-40
Let i(b) = 107*b + 120. What is i(-2)?
-94
Let v(x) = -336*x + 34662. What is v(103)?
54
Let b(i) = -9*i**3 + 109*i**2 - 5*i - 80. What is b(12)?
4
Let w(k) = 2*k**2 + 104*k + 1344. Give w(-34).
120
Let y(j) = 753*j + 2976. What is y(-4)?
-36
Let b(j) = -j**3 - 27*j**2 - 31*j - 171. Determine b(-26).
-41
Let c(i) = 9*i**2 - 77*i + 77. Determine c(1).
9
Let z(d) = -23*d**2 + 71*d - 2. Give z(3).
4
Let h(t) = -15*t - 11. What is h(2)?
-41
Let z(i) = 85*i - 781. Determine z(8).
-101
Let d(w) = -w**3 + 16*w**2 + 87*w - 703. Calculate d(18).
215
Let h(c) = 7*c**2 + 115*c + 457. What is h(-5)?
57
Let f(v) = v**2 - 139*v + 4750. What is f(76)?
-38
Let o(k) = 6*k**2 - 72*k + 1. What is o(12)?
1
Let u(h) = -132*h**2 - 5*h - 3. What is u(-1)?
-130
Let s(x) = 909*x - 26367. Calculate s(29).
-6
Let x(s) = -3*s**3 + 82*s**2 - 61*s + 911. Determine x(27).
-7
Let t(z) = 2*z**3 + 21*z**2 + 15*z + 51. Give t(-10).
1
Let s(u) = -u**3 - 33*u**2 - 24*u + 267. Calculate s(-32).
11
Let s(t) = -74*t + 107. What is s(3)?
-115
Let x(i) = -i**2 - 134*i - 4420. Determine x(-59).
5
Let k(j) = 219*j + 441. Give k(-3).
-216
Let a(k) = -60*k + 369. Determine a(6).
9
Let v(h) = h**3 - 35*h**2 + 121*h - 796. Calculate v(32).
4
Let p(y) = -3*y**2 + 146*y - 490. What is p(45)?
5
Let t(a) = -a**3 + 3*a**2 - 14*a + 7. Give t(4).
-65
Let r(t) = -t**3 + 399*t**2 + 1192*t - 19. What is r(-3)?
23
Let i(x) = -x**3 - 9*x**2 - 19*x + 12. Give i(-5).
7
Let r(h) = -37*h**2 - 17*h - 18. Calculate r(-2).
-132
Let r(g) = -2*g**2 + 28*g + 28. Calculate r(21).
-266
Let a(f) = -395*f - 1186. Give a(-3).
-1
Let k(p) = 24*p + 15. Calculate k(-5).
-105
Let t(k) = 21*k**2 + 4*k + 1. Determine t(-1).
18
Let v(p) = p**2 - 21*p - 56. Calculate v(-7).
140
Let w(c) = c**3 + 11*c**2 - 34*c - 39. Determine w(-13).
65
Let j(x) = -68*x**2 + 739*x + 16. Calculate j(11).
-83
Let l(h) = 122*h - 1421. Give l(12).
43
Let g(o) = -51*o + 43. Give g(6).
-263
Let f(y) = -119*y + 1575. What is f(14)?
-91
Let y(n) = 2*n**2 + 20*n - 42. What is y(-8)?
-74
Let p(c) = -2*c**2 + 42*c + 203. What is p(25)?
3
Let x(n) = 776*n + 11620. What is x(-15)?
-20
Let q(s) = 482*s + 4783. Give q(-10).
-37
Let b(v) = 149*v + 1590. Calculate b(-5).
845
Let z(l) = -l**3 - 4*l**2 + 138*l + 701. Determine z(-5).
36
Let z(i) = 103*i + 534. Determine z(-10).
-496
Let b(j) = 13*j + 201. Calculate b(-9).
84
Let x(h) = -4*h + 199. Determine x(-7).
227
Let u(k) = -k**3 - 118*k**2 - 773*k + 14. Give u(-7).
-14
Let y(o) = 152*o**2 - 3*o - 6. What is y(0)?
-6
Let f(s) = -2*s**2 + 22*s - 30. Give f(9).
6
Let x(n) = -18*n - 350. What is x(-18)?
-26
Let i(w) = w**3 - 9*w**2 + 21*w - 72. Give i(5).
-67
Let f(i) = 2*i**3 + 6*i**2 - 310*i - 30. Give f(-14).
-2
Let v(q) = -q**2 + 30*q + 163. What is v(45)?
-512
Let j(u) = -u**3 - 4*u**2 - 11*u + 2. Calculate j(-4).
46
Let f(v) = 2*v**3 - 3*v**2 + 124*v - 377. Determine f(3).
22
Let o(k) = 2*k**2 - 167*k - 147. What is o(82)?
-393
Let h(p) = 856*p - 5124. Give h(6).
12
Let o(j) = j**2 - 382*j + 36421. Calculate o(199).
4
Let g(i) = -i**3 - 14*i**2 + 3*i + 34. Determine g(-14).
-8
Let d(i) = 4*i - 383. Give d(93).
-11
Let t(b) = b**3 + 14*b**2 - 15*b + 26. Give t(-15).
26
Let r(b) = -19150*b + 306400. What is r(16)?
0
Let s(v) = v**3 + 19*v**2 - 53*v - 57. Determine s(-21).
174
Let w(h) = 4*h + 103. Give w(7).
131
Let g(z) = 108*z + 3670. Determine g(-34).
-2
Let j(a) = 3*a**2 - 47*a - 52. Determine j(16).
-36
Let m(k) = 14*k**3 - k**2 - 11*k + 19. Calculate m(2).
105
Let w(o) = 13*o + 301. Calculate w(-18).
67
Let l(i) = -5*i - 124. Determine l(-20).
-24
Let h(g) = -g**2 + 608*g - 31897. Determine h(58).
3
Let g(a) = -125*a + 118. What is g(1)?
-7
Let q(y) = y**3 + 2*y**2 - 92*y - 62. What is q(9)?
1
Let c(z) = -z**2 + 12*z + 407. Calculate c(28).
-41
Let k(s) = 1850*s - 1852. Give k(1).
-2
Let t(o) = -o**2 - 48*o - 44. Determine t(-47).
3
Let t(u) = 769*u - 10030. What is t(13)?
-33
Let m(n) = -11*n + 819. Give m(75).
-6
Let o(w) = w**2 - 457*w - 32168. Give o(-62).
10
Let r(i) = 178*i + 704. What is r(-4)?
-8
Let v(g) = -121*g - 2323. Give v(-19).
-24
Let n(k) = -51*k**2 + k + 18. Give n(0).
18
Let b(p) = -82*p - 127. Calculate b(-1).
-45
Let y(t) = -t**3 - 22*t**2 - 77*t - 16. Calculate y(-4).
4
Let i(x) = x**2 + 66*x + 962. What is i(-22)?
-6
Let z(b) = 258*b + 1054. Calculate z(-4).
22
Let c(g) = 150*g - 23. Give c(1).
127
Let k(r) = -r**2 + 74*r + 5594. What is k(-46)?
74
Let y(k) = -k**2 - 110*k + 4369. Give y(31).
-2
Let d(y) = -y**3 - 88*y**2 + 398*y + 2772. Calculate d(-92).
12
Let d(p) = p**3 + 12*p**2 - 22*p + 21. Determine d(-14).
-63
Let d(k) = -31*k**2 - 6*k + 17. Give d(3).
-280
Let f(q) = -q**2 - 103*q + 987. Give f(-112).
-21
Let t(x) = 2*x**3 + 129*x**2 + 63*x - 66. Calculate t(-64).
-2
Let j(w) = w**2 + 543*w - 4434. Determine j(8).
-26
Let i(a) = 170*a + 7979. Calculate i(-47).
-11
Let g(i) = -2*i**2 - 44*i - 56. Determine g(-20).
24
Let h(a) = 113*a + 4175. Calculate h(-36).
107
Let b(y) = -5*y**3 + 114*y**2 + 25*y - 57. Determine b(23).
-11
Let w(t) = 492*t - 4915. What is w(10)?
5
Let q(j) = j**2 + 155*j + 1302. Calculate q(-9).
-12
Let h(a) = -3*a**2 + 102*a - 9. Calculate h(32).
183
Let y(a) = 6*a**2 - 49*a - 16. Calculate y(10).
94
Let k(q) = q**3 + 2*q**2 - 35*q + 11. Calculate k(-5).
111
Let n(p) = 378*p + 4161. Calculate n(-11).
3
Let g(p) = -3*p**3 + 45*p**2 - 23*p - 9. Calculate g(14).
257
Let b(x) = 374*x - 1873. Give b(5).
-3
Let y(m) = 34*m**2 + 2135*m - 455. Determine y(-63).
-14
Let l(x) = x**2 - 120*x - 5239. Calculate l(-34).
-3
Let d(t) = -t**2 + 3*t - 1. What is d(-7)?
-71
Let v(h) = -155*h + 11322. Determine v(73).
7
Let m(n) = n**2 - 6*n - 16. Determine m(15).
119
Let y(k) = k**2 + 120*k - 1024. Give y(8).
0
Let l(v) = -5*v**2 - 760*v + 13446. What is l(-168)?
6
Let w(u) = -404*u - 33530. Give w(-83).
2
Let p(r) = -464*r + 9246. Give p(20).
-34
Let x(k) = -22*k**2 - 746*k + 13. Determine x(-34).
-55
Let w(n) = -n**2 + 29*n - 58. Determine w(29).
-58
Let s(z) = -z**3 + 15*z**2 + 75*z + 64. Determine s(19).
45
Let s(m) = m**3 - 19*m**2 + 29*m + 289. Determine s(6).
-5
Let l(q) = -2*q**2 + 2*q + 76. Determine l(-7).
-36
Let g(j) = j**2 - 21*j - 2446. Determine g(61).
-6
Let n(k) = -136*k - 1611. Calculate n(-14).
293
Let k(v) = -v**3 + 29*v**2 - 90*v + 3601. Calculate k(30).
1
Let g(d) = -172*d + 1187. Give g(7).
-17
Let o(p) = -179*p + 2701. Give o(15).
16
Let q(p) = p**3 - 6*p**2 - 11*p - 3. Give q(-2).
-13
Let q(m) = -m**2 + 78*m - 672. Give q(68).
8
Let j(q) = -q**2 - 38*q + 43. What is j(-43)?
-172
Let x(s) = -19*s - 1258. Calculate x(-66).
-4
Let i(o) = -o**3 - 37*o**2 + 37*o - 110. Calculate i(-38).
-72
Let h(a) = -6*a**2 + 6*a + 203. What is h(-10)?
-457
Let u(s) = -3369*s - 13485. Give u(-4).
-9
Let h(k) = -2*k**3 + 10*k**2 + 11*k - 3. Calculate h(5).
52
Let d(q) = -2714*q - 4. Give d(0).
-4
Let t(v) = 525*v - 20. What is t(1)?
505
Let x(i) = 7*i**2 - 25*i + 24. Calculate x(1).
6
Let b(y) = -y**2 - 27*y - 16. Give b(-19).
136
Let v(p) = p**3 + 6*p**2 - 22*p + 6. What is v(-7)?
111
Let f(y) = 3*y**3 + 18*y**2 - 20*y + 9. What is f(-7)?
2
Let j(r) = 2*r**3 - 7*r**2 + r + 7. Calculate j(0).
7
Let a(m) = -80*m - 77. Give a(5).
-477
Let j(h) = -2*h**3 - 17*h**2 + 7*h + 30. What is j(-7)?
-166
Let c(r) = -2*r**3 - 3*r**2 + 87*r - 67. Give c(5).
43
Let n(t) = -t**3 + 17*t**2 + 64*t - 89. Calculate n(-4).
-9
Let j(c) = -33*c + 42. Determine j(2).
-24
Let r(d) = -d**3 - 2*d**2 + 107*d + 495. Calculate r(-6).
-3
Let t(m) = -93*m**2 - 646*m + 39. What is t(-7)?
4
Let s(w) = -5317*w + 69103. Calculate s(13).
-18
Let v(u) = 18*u - 2131. Calculate v(118).
-7
Let x(m) = -m**2 + 847*m - 26083. Calculate x(32).
-3
Let l(i) = 9*i**2 + 134*i + 392. Give l(-11).
7
Let a(h) = 2*h**3 - 13*h**2 - 9*h + 8. What is a(7)?
-6
Let z(t) = -3*t**2 + 9*t - 38. Calculate z(8).
-158
Let j(c) = 2*c**2 - 160*c + 892. Determine j(6).
4
Let u(p) = 3*p**2 - 17*p + 20. Calculate u(8).
76
Let p(c) = -4*c**2 + 320*c + 1299. Give p(-4).
-45
Let b(t) = -258*t**2 + 510*t + 5. Determine b(2).
-7
Let c(l) = 103*l**3 + 3*l**2 - 14*l + 12. Determine c(1).
104
Let r(f) = -f**2 - 1